sor of 320 and 2080.
160
Calculate the highest common divisor of 30 and 5.
5
Calculate the highest common factor of 207 and 9.
9
Calculate the greatest common divisor of 2 and 2.
2
What is the greatest common factor of 9 and 9216?
9
Calculate the greatest common divisor of 1285 and 7453.
257
Calculate the greatest common factor of 22 and 31526.
22
Calculate the greatest common factor of 598 and 46.
46
What is the greatest common factor of 252 and 117?
9
Calculate the highest common divisor of 54 and 1398.
6
What is the highest common factor of 42 and 36?
6
What is the highest common factor of 55 and 132?
11
What is the greatest common divisor of 120 and 135?
15
Calculate the greatest common factor of 1030 and 309.
103
What is the highest common divisor of 22 and 46?
2
What is the greatest common factor of 86 and 43?
43
Calculate the highest common divisor of 55 and 159995.
55
Calculate the highest common divisor of 10 and 80.
10
What is the highest common factor of 4074 and 84?
42
What is the highest common factor of 42 and 6398?
14
What is the greatest common divisor of 1408 and 128?
128
Calculate the highest common factor of 420 and 24.
12
Calculate the greatest common factor of 1509 and 12.
3
Calculate the highest common divisor of 1008 and 24.
24
What is the greatest common factor of 92 and 299?
23
What is the highest common factor of 36 and 17700?
12
Calculate the highest common divisor of 36 and 2790.
18
What is the greatest common divisor of 1 and 1226?
1
Calculate the greatest common divisor of 1739 and 47.
47
Calculate the highest common factor of 2008 and 8.
8
What is the greatest common factor of 485 and 3104?
97
Calculate the highest common factor of 24 and 1464.
24
What is the highest common factor of 201 and 1675?
67
What is the highest common divisor of 11 and 1441?
11
What is the greatest common divisor of 57 and 152?
19
Calculate the highest common divisor of 1141 and 163.
163
What is the greatest common factor of 812 and 4669?
203
What is the greatest common divisor of 8 and 332?
4
What is the highest common divisor of 143 and 39?
13
What is the highest common divisor of 598 and 286?
26
What is the greatest common divisor of 25 and 10?
5
Calculate the highest common factor of 343 and 392.
49
What is the greatest common factor of 915 and 15?
15
What is the greatest common divisor of 1536 and 24?
24
Calculate the greatest common factor of 299 and 161.
23
Calculate the greatest common divisor of 623 and 7.
7
What is the highest common divisor of 1580 and 140?
20
Calculate the greatest common divisor of 20 and 20.
20
What is the greatest common factor of 84 and 2492?
28
What is the greatest common factor of 667 and 23?
23
Calculate the greatest common factor of 7 and 1477.
7
What is the greatest common divisor of 1173 and 69?
69
Calculate the greatest common factor of 80 and 25.
5
Calculate the greatest common factor of 55 and 77.
11
What is the greatest common factor of 117 and 72?
9
Calculate the highest common factor of 5675 and 75.
25
What is the highest common factor of 137 and 4384?
137
Calculate the highest common divisor of 7964 and 176.
44
What is the greatest common divisor of 20 and 24580?
20
Calculate the greatest common factor of 297 and 792.
99
Calculate the highest common factor of 56 and 518.
14
Calculate the greatest common factor of 7 and 6671.
7
What is the greatest common divisor of 364 and 104?
52
Calculate the highest common divisor of 65 and 143.
13
What is the highest common factor of 33 and 12001?
11
What is the greatest common divisor of 17400 and 36?
12
Calculate the greatest common divisor of 5 and 160.
5
What is the highest common factor of 4 and 94?
2
Calculate the greatest common factor of 19 and 304.
19
What is the greatest common divisor of 65 and 205?
5
What is the greatest common factor of 58 and 2001?
29
What is the greatest common divisor of 24 and 2076?
12
Calculate the greatest common factor of 21 and 48.
3
Calculate the highest common factor of 237 and 7347.
237
What is the greatest common divisor of 235 and 6674?
47
Calculate the greatest common factor of 33648 and 72.
24
Calculate the greatest common factor of 210 and 42.
42
Calculate the greatest common factor of 15 and 1545.
15
Calculate the highest common factor of 2358 and 72.
18
Calculate the greatest common divisor of 840 and 1560.
120
What is the highest common divisor of 77 and 253?
11
What is the highest common factor of 39 and 2223?
39
Calculate the greatest common factor of 4 and 5.
1
What is the greatest common divisor of 530 and 6254?
106
Calculate the greatest common divisor of 3451 and 812.
203
What is the highest common factor of 118 and 14337?
59
What is the highest common factor of 406 and 238?
14
Calculate the greatest common divisor of 53 and 212.
53
What is the highest common factor of 341 and 22?
11
Calculate the greatest common divisor of 143 and 11.
11
Calculate the highest common divisor of 28 and 308.
28
What is the greatest common factor of 625 and 14875?
125
Calculate the greatest common factor of 54 and 108.
54
What is the highest common factor of 7 and 103?
1
Calculate the highest common divisor of 60 and 96.
12
What is the highest common factor of 2 and 18?
2
What is the highest common factor of 168 and 144?
24
What is the greatest common divisor of 161 and 91?
7
Calculate the greatest common divisor of 65385 and 45.
45
What is the highest common divisor of 1341 and 18?
9
Calculate the greatest common factor of 2 and 196.
2
Calculate the greatest common divisor of 147 and 14.
7
Calculate the greatest common factor of 224 and 14.
14
What is the highest common divisor of 24 and 300?
12
What is the highest common factor of 206 and 8?
2
Calculate the greatest common divisor of 600 and 78.
6
Calculate the greatest common factor of 1 and 11.
1
What is the highest common divisor of 171 and 19?
19
What is the greatest common factor of 18 and 4302?
18
What is the greatest common divisor of 87 and 58?
29
Calculate the highest common factor of 240 and 80.
80
What is the greatest common divisor of 12 and 1284?
12
Calculate the highest common factor of 891 and 45.
9
Calculate the greatest common divisor of 5 and 95.
5
What is the greatest common divisor of 4 and 4?
4
Calculate the greatest common factor of 5 and 145.
5
What is the highest common divisor of 91 and 117?
13
Calculate the greatest common factor of 5 and 40.
5
Calculate the greatest common divisor of 2100 and 70.
70
What is the highest common divisor of 4088 and 448?
56
What is the highest common divisor of 18 and 128?
2
What is the highest common factor of 403 and 93?
31
What is the highest common factor of 11001 and 114?
57
What is the greatest common factor of 222 and 777?
111
Calculate the highest common factor of 609 and 2001.
87
What is the greatest common divisor of 264 and 5412?
132
What is the highest common divisor of 161 and 18676?
161
What is the highest common divisor of 3258 and 18?
18
What is the greatest common factor of 5940 and 120?
60
Calculate the highest common factor of 42 and 32438.
14
Calculate the greatest common divisor of 474 and 553.
79
What is the highest common factor of 12 and 1164?
12
Calculate the highest common factor of 3146 and 2904.
242
What is the greatest common factor of 570 and 80?
10
Calculate the highest common factor of 52 and 416.
52
What is the highest common divisor of 15 and 21?
3
What is the greatest common divisor of 110 and 165?
55
Calculate the highest common factor of 4578 and 84.
42
Calculate the highest common divisor of 98 and 16.
2
Calculate the highest common divisor of 1056 and 12.
12
What is the greatest common factor of 481 and 39?
13
Calculate the highest common divisor of 36 and 711.
9
Calculate the greatest common factor of 116 and 1566.
58
What is the highest common divisor of 847 and 7?
7
What is the greatest common factor of 96 and 36?
12
What is the greatest common factor of 20 and 182?
2
Calculate the highest common divisor of 18 and 192.
6
What is the highest common divisor of 3 and 39?
3
Calculate the highest common divisor of 15 and 36195.
15
What is the greatest common factor of 17 and 459?
17
Calculate the highest common divisor of 123 and 1.
1
What is the greatest common divisor o